 2490?
2, 3, 5, 83
List the prime factors of 16784.
2, 1049
List the prime factors of 8066.
2, 37, 109
What are the prime factors of 781?
11, 71
List the prime factors of 81286.
2, 97, 419
What are the prime factors of 5810?
2, 5, 7, 83
List the prime factors of 1172.
2, 293
List the prime factors of 4022.
2, 2011
List the prime factors of 1241.
17, 73
What are the prime factors of 11792?
2, 11, 67
What are the prime factors of 1001?
7, 11, 13
What are the prime factors of 1365?
3, 5, 7, 13
What are the prime factors of 3334?
2, 1667
What are the prime factors of 7862?
2, 3931
What are the prime factors of 6067?
6067
What are the prime factors of 95247?
3, 19, 557
List the prime factors of 1023.
3, 11, 31
List the prime factors of 8082.
2, 3, 449
List the prime factors of 9338.
2, 7, 23, 29
List the prime factors of 22467.
3, 7489
List the prime factors of 75963.
3, 25321
What are the prime factors of 671?
11, 61
List the prime factors of 71683.
97, 739
What are the prime factors of 58?
2, 29
What are the prime factors of 51841?
47, 1103
What are the prime factors of 734?
2, 367
List the prime factors of 7049.
7, 19, 53
What are the prime factors of 43194?
2, 3, 23, 313
List the prime factors of 1383.
3, 461
List the prime factors of 33067.
43, 769
What are the prime factors of 16404?
2, 3, 1367
What are the prime factors of 1023?
3, 11, 31
List the prime factors of 64.
2
List the prime factors of 8144.
2, 509
What are the prime factors of 3236?
2, 809
List the prime factors of 1545.
3, 5, 103
List the prime factors of 94340.
2, 5, 53, 89
What are the prime factors of 5347?
5347
What are the prime factors of 1816?
2, 227
What are the prime factors of 1091?
1091
What are the prime factors of 2249?
13, 173
What are the prime factors of 118760?
2, 5, 2969
List the prime factors of 1385.
5, 277
List the prime factors of 13862.
2, 29, 239
What are the prime factors of 8583?
3, 2861
List the prime factors of 184771.
43, 4297
List the prime factors of 172.
2, 43
List the prime factors of 75105.
3, 5, 1669
List the prime factors of 2392.
2, 13, 23
What are the prime factors of 45352?
2, 5669
List the prime factors of 2884.
2, 7, 103
List the prime factors of 102902.
2, 23, 2237
List the prime factors of 3077.
17, 181
What are the prime factors of 14614?
2, 7307
What are the prime factors of 163?
163
What are the prime factors of 1390?
2, 5, 139
List the prime factors of 9259.
47, 197
List the prime factors of 2226.
2, 3, 7, 53
List the prime factors of 2817.
3, 313
What are the prime factors of 967?
967
List the prime factors of 4401.
3, 163
List the prime factors of 1784.
2, 223
What are the prime factors of 4108?
2, 13, 79
What are the prime factors of 2271?
3, 757
List the prime factors of 116064.
2, 3, 13, 31
What are the prime factors of 118315?
5, 23663
What are the prime factors of 393?
3, 131
What are the prime factors of 38454?
2, 3, 13, 17, 29
What are the prime factors of 66607?
43, 1549
List the prime factors of 6148.
2, 29, 53
What are the prime factors of 8199?
3, 911
List the prime factors of 5305.
5, 1061
List the prime factors of 1117.
1117
What are the prime factors of 5966?
2, 19, 157
List the prime factors of 2083.
2083
What are the prime factors of 1242?
2, 3, 23
What are the prime factors of 68469?
3, 29, 787
What are the prime factors of 3765?
3, 5, 251
What are the prime factors of 862?
2, 431
List the prime factors of 980.
2, 5, 7
List the prime factors of 765.
3, 5, 17
What are the prime factors of 2493?
3, 277
List the prime factors of 55675.
5, 17, 131
List the prime factors of 31671.
3, 17, 23
What are the prime factors of 29502?
2, 3, 11, 149
List the prime factors of 2497.
11, 227
List the prime factors of 14.
2, 7
List the prime factors of 74044.
2, 107, 173
List the prime factors of 41137.
31, 1327
What are the prime factors of 19471?
19471
What are the prime factors of 11014?
2, 5507
List the prime factors of 4340.
2, 5, 7, 31
List the prime factors of 60246.
2, 3, 3347
What are the prime factors of 3580?
2, 5, 179
What are the prime factors of 11085?
3, 5, 739
List the prime factors of 4601.
43, 107
What are the prime factors of 175?
5, 7
List the prime factors of 15788.
2, 3947
List the prime factors of 19028.
2, 67, 71
List the prime factors of 765.
3, 5, 17
List the prime factors of 4816.
2, 7, 43
List the prime factors of 11730.
2, 3, 5, 17, 23
What are the prime factors of 7853?
7853
List the prime factors of 2371.
2371
List the prime factors of 2067.
3, 13, 53
List the prime factors of 10067.
10067
List the prime factors of 6474.
2, 3, 13, 83
What are the prime factors of 176?
2, 11
What are the prime factors of 21707?
7, 443
What are the prime factors of 63686?
2, 7, 4549
List the prime factors of 1679.
23, 73
What are the prime factors of 4535?
5, 907
List the prime factors of 507.
3, 13
List the prime factors of 17300.
2, 5, 173
What are the prime factors of 1456?
2, 7, 13
What are the prime factors of 52804?
2, 43, 307
List the prime factors of 9521.
9521
List the prime factors of 800.
2, 5
What are the prime factors of 2212?
2, 7, 79
List the prime factors of 49225.
5, 11, 179
What are the prime factors of 38490?
2, 3, 5, 1283
List the prime factors of 997.
997
List the prime factors of 111846.
2, 3, 7, 2663
List the prime factors of 107292.
2, 3, 8941
What are the prime factors of 10830?
2, 3, 5, 19
List the prime factors of 15973.
15973
List the prime factors of 1098.
2, 3, 61
What are the prime factors of 2605?
5, 521
What are the prime factors of 4496?
2, 281
What are the prime factors of 2790?
2, 3, 5, 31
What are the prime factors of 73973?
73973
What are the prime factors of 40462?
2, 20231
List the prime factors of 786.
2, 3, 131
List the prime factors of 490.
2, 5, 7
What are the prime factors of 719?
719
What are the prime factors of 24163?
73, 331
What are the prime factors of 7418?
2, 3709
What are the prime factors of 1158?
2, 3, 193
List the prime factors of 2655.
3, 5, 59
What are the prime factors of 1487?
1487
List the prime factors of 1455.
3, 5, 97
What are the prime factors of 33371?
13, 17, 151
What are the prime factors of 267?
3, 89
What are the prime factors of 1133?
11, 103
List the prime factors of 111253.
111253
What are the prime factors of 41065?
5, 43, 191
List the prime factors of 1347.
3, 449
List the prime factors of 1628.
2, 11, 37
List the prime factors of 39167.
53, 739
List the prime factors of 177.
3, 59
What are the prime factors of 528?
2, 3, 11
What are the prime factors of 222?
2, 3, 37
What are the prime factors of 414?
2, 3, 23
List the prime factors of 70.
2, 5, 7
List the prime factors of 30189.
3, 29, 347
List the prime factors of 37.
37
What are the prime factors of 5743?
5743
What are the prime factors of 349?
349
What are the prime factors of 23625?
3, 5, 7
What are the prime factors of 1623?
3, 541
List the prime factors of 1183.
7, 13
What are the prime factors of 14378?
2, 7, 13, 79
List the prime factors of 1082.
2, 541
What are the prime factors of 1322?
2, 661
What are the prime factors of 4721?
4721
What are the prime factors of 71316?
2, 3, 7, 283
List the prime factors of 1998.
2, 3, 37
List the prime factors of 2574.
2, 3, 11, 13
What are the prime factors of 1345?
5, 269
List the prime factors of 48365.
5, 17, 569
What are the prime factors of 2033?
19, 107
List the prime factors of 202.
2, 101
List the prime factors of 3353.
7, 479
List the prime factors of 405.
3, 5
What are the prime factors of 1726?
2, 863
What are the prime factors of 2225?
5, 89
What are the prime factors of 155?
5, 31
What are the prime factors of 3998?
2, 1999
What are the prime factors of 47343?
3, 43, 367
What are the prime factors of 1014?
2, 3, 13
List the prime factors of 130.
2, 5, 13
What are the prime factors of 13858?
2, 13, 41
What are the prime factors of 192?
2, 3
List the prime factors of 20577.
3, 19
List the prime factors of 1347.
3, 449
List the prime factors of 7665.
3, 5, 7, 73
List the prime factors of 1672.
2, 11, 19
What are the prime factors of 2404?
2, 601
List the prime factors of 507.
3, 13
List the prime factors of 1112.
2, 139
List the prime factors of 1144.
2, 11, 13
List the prime factors of 38602.
2, 19301
List the prime factors of 3139.